10
What is the greatest common divisor of 1992 and 7221?
249
What is the highest common factor of 7371 and 1001?
91
What is the highest common factor of 873947 and 61?
61
What is the greatest common divisor of 4452 and 156?
12
What is the highest common factor of 405 and 95670?
45
Calculate the highest common factor of 1448 and 35114.
362
Calculate the highest common divisor of 3561 and 801.
3
Calculate the greatest common factor of 8439 and 783.
87
Calculate the greatest common divisor of 20093 and 22923.
283
Calculate the highest common divisor of 62 and 1346237.
31
What is the greatest common divisor of 2704 and 7215624?
1352
What is the greatest common divisor of 1525 and 60878?
61
What is the greatest common divisor of 73490 and 6010?
10
What is the greatest common divisor of 947169 and 6612?
1653
What is the highest common divisor of 37036 and 16548?
788
Calculate the highest common factor of 621 and 33237.
27
Calculate the highest common divisor of 155727 and 117.
117
Calculate the highest common divisor of 7399 and 1359.
151
What is the greatest common factor of 1770 and 19175?
295
Calculate the greatest common divisor of 338 and 10517.
13
What is the highest common factor of 1022625 and 2020?
505
Calculate the greatest common factor of 4031 and 3614.
139
What is the highest common divisor of 242916 and 2976?
372
What is the greatest common factor of 1891450 and 2375?
475
Calculate the greatest common divisor of 1867685 and 321.
107
Calculate the greatest common divisor of 204820 and 44555.
665
Calculate the greatest common factor of 57318 and 246.
246
Calculate the highest common divisor of 16464 and 25725.
1029
Calculate the greatest common divisor of 17 and 358717.
17
Calculate the highest common divisor of 35 and 65005.
5
What is the greatest common divisor of 33396 and 9936?
276
Calculate the greatest common divisor of 196 and 1638.
14
Calculate the highest common divisor of 58 and 2101166.
58
What is the highest common divisor of 289454 and 396?
22
Calculate the greatest common divisor of 8537920 and 40.
40
Calculate the highest common divisor of 7452 and 94806.
414
Calculate the highest common factor of 1157 and 178.
89
Calculate the greatest common factor of 165100 and 10.
10
Calculate the greatest common divisor of 22256 and 128.
16
Calculate the highest common factor of 2430 and 11664.
486
Calculate the highest common divisor of 3312 and 1173.
69
Calculate the highest common factor of 317873 and 41.
41
Calculate the highest common factor of 10545 and 6.
3
Calculate the greatest common factor of 421 and 10631513.
421
What is the greatest common factor of 34 and 782?
34
Calculate the highest common factor of 420 and 47172.
12
Calculate the highest common factor of 10440 and 2205.
45
What is the highest common divisor of 98494 and 20350?
814
Calculate the greatest common divisor of 1230 and 8118.
246
Calculate the highest common divisor of 12 and 28992.
12
Calculate the highest common divisor of 7060 and 700.
20
Calculate the greatest common factor of 5622291 and 486.
243
Calculate the highest common factor of 179450 and 4810.
370
Calculate the greatest common divisor of 20977 and 1397.
11
Calculate the greatest common divisor of 1946 and 13790.
14
What is the greatest common factor of 247776 and 17400?
696
What is the greatest common divisor of 3388 and 12584?
484
What is the highest common divisor of 140 and 48531?
7
Calculate the highest common factor of 225 and 7575.
75
Calculate the highest common divisor of 16272 and 3870024.
2712
What is the greatest common factor of 21244 and 2256?
188
Calculate the greatest common factor of 3807 and 1504.
47
What is the greatest common divisor of 203545 and 10?
5
Calculate the greatest common factor of 107031 and 15.
3
Calculate the greatest common factor of 325344 and 336.
48
What is the greatest common divisor of 21 and 2283442?
7
Calculate the greatest common factor of 533682 and 9.
9
Calculate the highest common factor of 144 and 3188.
4
Calculate the highest common divisor of 30020 and 180.
20
What is the highest common factor of 17 and 2081531?
17
What is the greatest common factor of 704 and 5896?
88
What is the highest common factor of 735 and 4155?
15
What is the greatest common factor of 3085 and 28999?
617
What is the greatest common divisor of 94004 and 9088?
284
What is the greatest common factor of 36 and 185100?
12
What is the highest common divisor of 557127 and 9?
9
What is the highest common divisor of 56 and 3544?
8
What is the greatest common divisor of 22814 and 44?
22
What is the greatest common factor of 198 and 4344?
6
What is the greatest common factor of 780 and 221780?
260
Calculate the greatest common factor of 2772 and 102438.
126
What is the highest common divisor of 68238 and 3060?
306
What is the highest common factor of 207 and 2553?
69
What is the highest common divisor of 850 and 6970?
170
Calculate the greatest common divisor of 324 and 1236546.
162
What is the greatest common factor of 26105 and 29555?
115
Calculate the greatest common factor of 26 and 110734.
26
What is the highest common factor of 6284059 and 73?
73
Calculate the highest common factor of 150 and 3882.
6
What is the greatest common divisor of 105 and 1580?
5
Calculate the highest common factor of 15598 and 198.
22
What is the greatest common factor of 603 and 51456?
201
What is the highest common factor of 1290621 and 201?
201
What is the highest common divisor of 388 and 1356?
4
What is the highest common divisor of 22155 and 12075?
105
What is the highest common factor of 22368 and 78?
6
What is the highest common divisor of 2512596 and 24?
12
Calculate the greatest common divisor of 10178 and 32715.
727
Calculate the highest common divisor of 70 and 951244.
14
What is the highest common divisor of 94308 and 29?
29
Calculate the greatest common divisor of 1267 and 56.
7
What is the highest common factor of 1930 and 328486?
386
What is the highest common divisor of 4512 and 18894?
282
What is the greatest common factor of 42546 and 28?
14
What is the highest common divisor of 8992 and 64?
32
What is the highest common factor of 9480 and 480?
120
Calculate the greatest common divisor of 2340 and 1011348.
468
What is the highest common divisor of 181 and 329963?
181
What is the highest common factor of 208 and 23824?
16
Calculate the greatest common divisor of 263895 and 964.
241
What is the greatest common factor of 152 and 31426?
38
What is the greatest common factor of 111 and 463758?
111
What is the greatest common factor of 24 and 2491512?
24
Calculate the greatest common divisor of 1161 and 86301.
387
What is the greatest common divisor of 5052 and 3083404?
1684
What is the greatest common divisor of 15604 and 2303?
47
What is the highest common divisor of 2272 and 3136?
32
What is the greatest common divisor of 944725 and 155?
155
Calculate the greatest common divisor of 69717 and 2193.
51
What is the greatest common factor of 132 and 435408?
12
Calculate the highest common factor of 1063638 and 54.
54
Calculate the greatest common factor of 8792 and 79756.
628
What is the greatest common factor of 1894340 and 49?
49
Calculate the greatest common factor of 80938 and 442.
26
Calculate the highest common factor of 7276 and 1496.
68
Calculate the greatest common divisor of 66 and 2474626.
22
Calculate the highest common factor of 1310 and 3222338.
262
What is the greatest common divisor of 3731756 and 56?
28
Calculate the highest common divisor of 87219 and 1331.
11
What is the greatest common divisor of 7261 and 3710?
53
Calculate the highest common divisor of 13 and 1507584.
13
Calculate the highest common divisor of 1044860 and 4.
4
Calculate the highest common divisor of 704 and 296032.
352
Calculate the greatest common divisor of 1351 and 193.
193
Calculate the highest common divisor of 464 and 90074.
58
What is the highest common divisor of 378 and 5520123?
189
Calculate the greatest common factor of 19480 and 160.
40
Calculate the greatest common factor of 38 and 593237.
19
Calculate the highest common factor of 1488672 and 480.
96
What is the highest common divisor of 59 and 3018263?
59
Calculate the greatest common divisor of 16 and 8232.
8
Calculate the greatest co